{"id":1766,"date":"2019-09-30T12:00:46","date_gmt":"2019-09-30T10:00:46","guid":{"rendered":"https:\/\/www.materdominivolley.it\/home\/?page_id=1766"},"modified":"2019-10-25T19:25:34","modified_gmt":"2019-10-25T17:25:34","slug":"storia","status":"publish","type":"page","link":"https:\/\/www.materdominivolley.it\/home\/storia\/","title":{"rendered":"CLUB"},"content":{"rendered":"\t\t<div data-elementor-type=\"wp-page\" data-elementor-id=\"1766\" class=\"elementor elementor-1766\" data-elementor-post-type=\"page\">\n\t\t\t\t\t\t<section class=\"elementor-section elementor-top-section elementor-element elementor-element-2de7086d elementor-section-boxed elementor-section-height-default elementor-section-height-default\" data-id=\"2de7086d\" data-element_type=\"section\" data-e-type=\"section\" data-settings=\"{&quot;background_background&quot;:&quot;classic&quot;}\">\n\t\t\t\t\t\t\t<div class=\"elementor-background-overlay\"><\/div>\n\t\t\t\t\t\t\t<div class=\"elementor-container elementor-column-gap-default\">\n\t\t\t\t\t<div class=\"elementor-column elementor-col-100 elementor-top-column elementor-element elementor-element-682a2777\" data-id=\"682a2777\" data-element_type=\"column\" data-e-type=\"column\">\n\t\t\t<div class=\"elementor-widget-wrap elementor-element-populated\">\n\t\t\t\t\t\t<div class=\"elementor-element elementor-element-6ca6828b elementor-widget elementor-widget-heading\" data-id=\"6ca6828b\" data-element_type=\"widget\" data-e-type=\"widget\" data-widget_type=\"heading.default\">\n\t\t\t\t<div class=\"elementor-widget-container\">\n\t\t\t\t\t<h2 class=\"elementor-heading-title elementor-size-default\">CLUB<\/h2>\t\t\t\t<\/div>\n\t\t\t\t<\/div>\n\t\t\t\t\t<\/div>\n\t\t<\/div>\n\t\t\t\t\t<\/div>\n\t\t<\/section>\n\t\t\t\t<section class=\"elementor-section elementor-top-section elementor-element elementor-element-f1e8b59 elementor-section-boxed elementor-section-height-default elementor-section-height-default\" data-id=\"f1e8b59\" data-element_type=\"section\" data-e-type=\"section\">\n\t\t\t\t\t\t<div class=\"elementor-container elementor-column-gap-default\">\n\t\t\t\t\t<div class=\"elementor-column elementor-col-100 elementor-top-column elementor-element elementor-element-cca972a\" data-id=\"cca972a\" data-element_type=\"column\" data-e-type=\"column\">\n\t\t\t<div class=\"elementor-widget-wrap elementor-element-populated\">\n\t\t\t\t\t\t<div class=\"elementor-element elementor-element-d04441b elementor-widget elementor-widget-text-editor\" data-id=\"d04441b\" data-element_type=\"widget\" data-e-type=\"widget\" data-widget_type=\"text-editor.default\">\n\t\t\t\t<div class=\"elementor-widget-container\">\n\t\t\t\t\t\t\t\t\t<p>IL <span class=\"intestazione\">FUTURO<\/span><\/p>\t\t\t\t\t\t\t\t<\/div>\n\t\t\t\t<\/div>\n\t\t\t\t<div class=\"elementor-element elementor-element-e9190ff elementor-widget elementor-widget-text-editor\" data-id=\"e9190ff\" data-element_type=\"widget\" data-e-type=\"widget\" data-widget_type=\"text-editor.default\">\n\t\t\t\t<div class=\"elementor-widget-container\">\n\t\t\t\t\t\t\t\t\t<p>La storia che stiamo scrivendo stagione dopo stagione \u00e8 quindi ricca di episodi di sacrificio ed entusiasmo, abnegazione e disciplina ma, soprattutto, divertimento.\u00a0 Per questo sport che amiamo, a cui abbiamo dedicato tanto impegno, il nostro unico obiettivo \u00e8 farlo praticare con passione per dare ai nostri ragazzi la possibilit\u00e0 di realizzare un sogno, un sogno chiamato \u201cserie A\u201d<\/p>\t\t\t\t\t\t\t\t<\/div>\n\t\t\t\t<\/div>\n\t\t\t\t<div class=\"elementor-element elementor-element-afaac7a elementor-widget elementor-widget-spacer\" data-id=\"afaac7a\" data-element_type=\"widget\" data-e-type=\"widget\" data-widget_type=\"spacer.default\">\n\t\t\t\t<div class=\"elementor-widget-container\">\n\t\t\t\t\t\t\t<div class=\"elementor-spacer\">\n\t\t\t<div class=\"elementor-spacer-inner\"><\/div>\n\t\t<\/div>\n\t\t\t\t\t\t<\/div>\n\t\t\t\t<\/div>\n\t\t\t\t<div class=\"elementor-element elementor-element-83c2a2e elementor-widget elementor-widget-text-editor\" data-id=\"83c2a2e\" data-element_type=\"widget\" data-e-type=\"widget\" data-widget_type=\"text-editor.default\">\n\t\t\t\t<div class=\"elementor-widget-container\">\n\t\t\t\t\t\t\t\t\tLA <span class=\"intestazione\">STORIA<\/span>\t\t\t\t\t\t\t\t<\/div>\n\t\t\t\t<\/div>\n\t\t\t\t<div class=\"elementor-element elementor-element-6e5e675 elementor-widget elementor-widget-text-editor\" data-id=\"6e5e675\" data-element_type=\"widget\" data-e-type=\"widget\" data-widget_type=\"text-editor.default\">\n\t\t\t\t<div class=\"elementor-widget-container\">\n\t\t\t\t\t\t\t\t\t<p>Il binomio tra volley maschile e Castellana Grotte \u00e8 da sempre legato ai colori della Mater Domini. Nata come Polisportiva nel 1967 la societ\u00e0 si \u00e8 occupata anche di atletica, tennis, calcio e tennistavolo. Con il passare degli anni, per\u00f2, il sodalizio ha dedicato sempre pi\u00f9 impegno e passione al volley decidendo di puntare tutto sul mondo della pallavolo.<\/p><p>I risultati, infatti, nel corso di questa lunga storia non si sono fatti attendere. Alcuni dei principali traguardi sono stati raggiunti nei campionati di categoria: la Coppa di Lega di Serie B, le tre promozioni in serie A2 (nella stagione 94\/95, 2005\/2006 e 2012\/2013) totalizzando in tutto ben undici campionati disputati in serie A. Che la Mater abbia nel Dna l&#8217;essere trampolino per i giovani non \u00e8 poi una novit\u00e0.<\/p><p>Il binomio tra volley maschile e Castellana Grotte \u00e8 da sempre legato ai colori della\u00a0<strong>Mater Domini<\/strong>. Nata come Polisportiva nel 1967 la societ\u00e0 si \u00e8 occupata anche di atletica, tennis, calcio e tennistavolo. Con il passare degli anni, per\u00f2, il sodalizio ha dedicato sempre pi\u00f9 impegno e passione al volley decidendo di puntare tutto sul mondo della pallavolo.<br \/><br \/>I risultati, infatti, nel corso di questa lunga storia non si sono fatti attendere. Alcuni dei principali traguardi sono stati raggiunti nei campionati di categoria: la Coppa di Lega di Serie B, le tre promozioni in serie A2 (nella stagione 94\/95, 2005\/2006 e 2012\/2013) totalizzando in tutto ben undici campionati disputati in serie A. Che la Mater abbia nel Dna l&#8217;essere trampolino per i giovani non \u00e8 poi una novit\u00e0.<br \/><br \/>Gi\u00e0 la vecchia Polisportiva pu\u00f2 farsi merito di aver lanciato giocatori italiani noti a livello internazionale come Mirko Corsano e Gianluca Nuzzo, stelle del volley di serie A e non solo. La Polisportiva ha rappresentato una tappa fondamentale anche per molti castellanesi che hanno avuto ruoli importanti nei campionati di volley. Tra questi il martello ricettore Marcello Bruno, il centrale Vito Insalata campione d\u2019Italia con la maglia del Piacenza. Primo tesserino nel mondo del volley anche per il tecnico Michele Totire attualmente allenatore della nazionale maschile U20.<\/p>\t\t\t\t\t\t\t\t<\/div>\n\t\t\t\t<\/div>\n\t\t\t\t<div class=\"elementor-element elementor-element-2f42dbd elementor-widget elementor-widget-spacer\" data-id=\"2f42dbd\" data-element_type=\"widget\" data-e-type=\"widget\" data-widget_type=\"spacer.default\">\n\t\t\t\t<div class=\"elementor-widget-container\">\n\t\t\t\t\t\t\t<div class=\"elementor-spacer\">\n\t\t\t<div class=\"elementor-spacer-inner\"><\/div>\n\t\t<\/div>\n\t\t\t\t\t\t<\/div>\n\t\t\t\t<\/div>\n\t\t\t\t<div class=\"elementor-element elementor-element-de8be9e elementor-widget elementor-widget-text-editor\" data-id=\"de8be9e\" data-element_type=\"widget\" data-e-type=\"widget\" data-widget_type=\"text-editor.default\">\n\t\t\t\t<div class=\"elementor-widget-container\">\n\t\t\t\t\t\t\t\t\tL&#8217;ACCADEMIA DEL <span class=\"intestazione\">VOLLEY<\/span>\t\t\t\t\t\t\t\t<\/div>\n\t\t\t\t<\/div>\n\t\t\t\t<div class=\"elementor-element elementor-element-d75fd02 elementor-widget elementor-widget-text-editor\" data-id=\"d75fd02\" data-element_type=\"widget\" data-e-type=\"widget\" data-widget_type=\"text-editor.default\">\n\t\t\t\t<div class=\"elementor-widget-container\">\n\t\t\t\t\t\t\t\t\t<p>Nel 2007 la societ\u00e0 decide di fare della promozione del volley giovanile la propria vocazione sportiva. Nasce cos\u00ec il progetto, sotto certi aspetti visionario per quegli anni ed inedito per il territorio, di fondare un\u2019autentica\u00a0<strong>Accademia di volley giovanile<\/strong>. La scuola sportiva strutturata in sezioni viene, quindi, affidata sotto l\u2019aspetto tecnico a Vincenzo Fanizza gi\u00e0 noto allenatore con spiccate qualit\u00e0 nel campo dell\u2019avviamento a questa disciplina.<br \/><br \/>La cura dell\u2019appena costituita accademia del volley necessita di impegno in termini di risorse economiche ed umane. Pertanto il sodalizio decide di abbandonare momentaneamente la serie A2 cedendo il titolo nel 2009. Il metodo si rileva vincente. Le formazioni under vengono fatte gareggiare nei campionati di B2, C e D con l\u2019esclusivo fine di preparare i gruppi all\u2019accesso alle finali nazionali, traguardo che \u00e8 stato sempre raggiunto dal 2007 in poi. Nel 2010 nasce anche\u00a0<strong>Euro Volley Cup<\/strong>, il primo torneo europeo per club di pallavolo U18 che gi\u00e0 nella sua prima edizione conta ben otto nazioni partecipanti. Il successo di EVC si bissa anche nella sua seconda edizione ed attualmente il torneo \u00e8 attenzionato dalla CEV (Conf\u00e9d\u00e9ration Europ\u00e9enne de Volleyball).<br \/><br \/>L\u2019impegno nella pallavolo giovanile viene premiato con trofei provinciali e regionali, regolarmente vinti ogni anno, mentre sul podio nazionale si sale dove mai nessuna societ\u00e0 del sud Italia era riuscita prima con il primo scudetto U16 nel 2009 a cui segue il tricolore conseguito nella Boy League U14 nel 2014, lo scudetto U15 nel 2015 e il bis nella categoria U15 nel 2016.<br \/><br \/>I tempi per il grande volley ridiventano maturi nel 2012, anno in cui si decide di costruire, partendo proprio dai giovani, una formazione di B1 vincente ed infatti la squadra vince il campionato e conquista la serie A2.<br \/><br \/>Diversi gli allievi dell\u2019accademia che hanno avuto l\u2019onore di indossare la maglia azzurra. La Materdomini \u00e8 oggi una complessa struttura logistica-organizzativa d\u2019avanguardia in cui convogliano le forze ben trenta operatori tra tecnici, dirigenti e personale medico. Particolare cura \u00e8 dedicata allo sviluppo fisico e motorio dei ragazzi. Il percorso di crescita dei gruppi giovanili \u00e8 monitorato da un\u2019equipe di personale medico e paramedico di altissima professionalit\u00e0 che fruisce di macchinari di ultima generazione.<br \/><br \/>Tutto questo ha reso la Materdomini un centro di eccellenza nel campo della pallavolo giovanile ed il suo metodo \u00e8 assunto come modello di riferimento dalla Fipav e dalla Legavolley. La guida \u00e8 sempre affidata a\u00a0<strong>Michele Miccolis<\/strong>\u00a0che vede cos\u00ec onorati gli oltre venti anni trascorsi al vertice del sodalizio giallobl\u00f9.<\/p>\t\t\t\t\t\t\t\t<\/div>\n\t\t\t\t<\/div>\n\t\t\t\t\t<\/div>\n\t\t<\/div>\n\t\t\t\t\t<\/div>\n\t\t<\/section>\n\t\t\t\t<\/div>\n\t\t","protected":false},"excerpt":{"rendered":"<p>CLUB IL FUTURO La storia che stiamo scrivendo stagione dopo stagione \u00e8 quindi ricca di episodi di sacrificio ed entusiasmo, abnegazione e disciplina ma, soprattutto, divertimento.\u00a0 Per questo sport che amiamo, a cui abbiamo dedicato tanto impegno, il nostro unico obiettivo \u00e8 farlo praticare con passione per dare ai nostri ragazzi la possibilit\u00e0 di realizzare [&hellip;]<\/p>\n","protected":false},"author":1,"featured_media":0,"parent":0,"menu_order":0,"comment_status":"closed","ping_status":"closed","template":"","meta":{"footnotes":""},"class_list":["post-1766","page","type-page","status-publish","hentry"],"yoast_head":"<!-- This site is optimized with the Yoast SEO plugin v27.3 - https:\/\/yoast.com\/product\/yoast-seo-wordpress\/ -->\n<title>CLUB - materdominivolley<\/title>\n<meta name=\"robots\" content=\"index, follow, max-snippet:-1, max-image-preview:large, max-video-preview:-1\" \/>\n<link rel=\"canonical\" href=\"https:\/\/www.materdominivolley.it\/home\/storia\/\" \/>\n<meta property=\"og:locale\" content=\"it_IT\" \/>\n<meta property=\"og:type\" content=\"article\" \/>\n<meta property=\"og:title\" content=\"CLUB - materdominivolley\" \/>\n<meta property=\"og:description\" content=\"CLUB IL FUTURO La storia che stiamo scrivendo stagione dopo stagione \u00e8 quindi ricca di episodi di sacrificio ed entusiasmo, abnegazione e disciplina ma, soprattutto, divertimento.\u00a0 Per questo sport che amiamo, a cui abbiamo dedicato tanto impegno, il nostro unico obiettivo \u00e8 farlo praticare con passione per dare ai nostri ragazzi la possibilit\u00e0 di realizzare [&hellip;]\" \/>\n<meta property=\"og:url\" content=\"https:\/\/www.materdominivolley.it\/home\/storia\/\" \/>\n<meta property=\"og:site_name\" content=\"materdominivolley\" \/>\n<meta property=\"article:publisher\" content=\"https:\/\/www.facebook.com\/materdominivolleyit\/\" \/>\n<meta property=\"article:modified_time\" content=\"2019-10-25T17:25:34+00:00\" \/>\n<meta name=\"twitter:card\" content=\"summary_large_image\" \/>\n<meta name=\"twitter:label1\" content=\"Tempo di lettura stimato\" \/>\n\t<meta name=\"twitter:data1\" content=\"4 minuti\" \/>\n<script type=\"application\/ld+json\" class=\"yoast-schema-graph\">{\"@context\":\"https:\\\/\\\/schema.org\",\"@graph\":[{\"@type\":\"WebPage\",\"@id\":\"https:\\\/\\\/www.materdominivolley.it\\\/home\\\/storia\\\/\",\"url\":\"https:\\\/\\\/www.materdominivolley.it\\\/home\\\/storia\\\/\",\"name\":\"CLUB - materdominivolley\",\"isPartOf\":{\"@id\":\"https:\\\/\\\/www.materdominivolley.it\\\/home\\\/#website\"},\"datePublished\":\"2019-09-30T10:00:46+00:00\",\"dateModified\":\"2019-10-25T17:25:34+00:00\",\"breadcrumb\":{\"@id\":\"https:\\\/\\\/www.materdominivolley.it\\\/home\\\/storia\\\/#breadcrumb\"},\"inLanguage\":\"it-IT\",\"potentialAction\":[{\"@type\":\"ReadAction\",\"target\":[\"https:\\\/\\\/www.materdominivolley.it\\\/home\\\/storia\\\/\"]}]},{\"@type\":\"BreadcrumbList\",\"@id\":\"https:\\\/\\\/www.materdominivolley.it\\\/home\\\/storia\\\/#breadcrumb\",\"itemListElement\":[{\"@type\":\"ListItem\",\"position\":1,\"name\":\"Home\",\"item\":\"https:\\\/\\\/www.materdominivolley.it\\\/home\\\/\"},{\"@type\":\"ListItem\",\"position\":2,\"name\":\"CLUB\"}]},{\"@type\":\"WebSite\",\"@id\":\"https:\\\/\\\/www.materdominivolley.it\\\/home\\\/#website\",\"url\":\"https:\\\/\\\/www.materdominivolley.it\\\/home\\\/\",\"name\":\"materdominivolley\",\"description\":\"\",\"publisher\":{\"@id\":\"https:\\\/\\\/www.materdominivolley.it\\\/home\\\/#organization\"},\"potentialAction\":[{\"@type\":\"SearchAction\",\"target\":{\"@type\":\"EntryPoint\",\"urlTemplate\":\"https:\\\/\\\/www.materdominivolley.it\\\/home\\\/?s={search_term_string}\"},\"query-input\":{\"@type\":\"PropertyValueSpecification\",\"valueRequired\":true,\"valueName\":\"search_term_string\"}}],\"inLanguage\":\"it-IT\"},{\"@type\":\"Organization\",\"@id\":\"https:\\\/\\\/www.materdominivolley.it\\\/home\\\/#organization\",\"name\":\"Materdominivolley.it\",\"url\":\"https:\\\/\\\/www.materdominivolley.it\\\/home\\\/\",\"logo\":{\"@type\":\"ImageObject\",\"inLanguage\":\"it-IT\",\"@id\":\"https:\\\/\\\/www.materdominivolley.it\\\/home\\\/#\\\/schema\\\/logo\\\/image\\\/\",\"url\":\"https:\\\/\\\/www.materdominivolley.it\\\/home\\\/wp-content\\\/uploads\\\/2019\\\/10\\\/Senza-titolo-1-2.png\",\"contentUrl\":\"https:\\\/\\\/www.materdominivolley.it\\\/home\\\/wp-content\\\/uploads\\\/2019\\\/10\\\/Senza-titolo-1-2.png\",\"width\":180,\"height\":250,\"caption\":\"Materdominivolley.it\"},\"image\":{\"@id\":\"https:\\\/\\\/www.materdominivolley.it\\\/home\\\/#\\\/schema\\\/logo\\\/image\\\/\"},\"sameAs\":[\"https:\\\/\\\/www.facebook.com\\\/materdominivolleyit\\\/\"]}]}<\/script>\n<!-- \/ Yoast SEO plugin. -->","yoast_head_json":{"title":"CLUB - materdominivolley","robots":{"index":"index","follow":"follow","max-snippet":"max-snippet:-1","max-image-preview":"max-image-preview:large","max-video-preview":"max-video-preview:-1"},"canonical":"https:\/\/www.materdominivolley.it\/home\/storia\/","og_locale":"it_IT","og_type":"article","og_title":"CLUB - materdominivolley","og_description":"CLUB IL FUTURO La storia che stiamo scrivendo stagione dopo stagione \u00e8 quindi ricca di episodi di sacrificio ed entusiasmo, abnegazione e disciplina ma, soprattutto, divertimento.\u00a0 Per questo sport che amiamo, a cui abbiamo dedicato tanto impegno, il nostro unico obiettivo \u00e8 farlo praticare con passione per dare ai nostri ragazzi la possibilit\u00e0 di realizzare [&hellip;]","og_url":"https:\/\/www.materdominivolley.it\/home\/storia\/","og_site_name":"materdominivolley","article_publisher":"https:\/\/www.facebook.com\/materdominivolleyit\/","article_modified_time":"2019-10-25T17:25:34+00:00","twitter_card":"summary_large_image","twitter_misc":{"Tempo di lettura stimato":"4 minuti"},"schema":{"@context":"https:\/\/schema.org","@graph":[{"@type":"WebPage","@id":"https:\/\/www.materdominivolley.it\/home\/storia\/","url":"https:\/\/www.materdominivolley.it\/home\/storia\/","name":"CLUB - materdominivolley","isPartOf":{"@id":"https:\/\/www.materdominivolley.it\/home\/#website"},"datePublished":"2019-09-30T10:00:46+00:00","dateModified":"2019-10-25T17:25:34+00:00","breadcrumb":{"@id":"https:\/\/www.materdominivolley.it\/home\/storia\/#breadcrumb"},"inLanguage":"it-IT","potentialAction":[{"@type":"ReadAction","target":["https:\/\/www.materdominivolley.it\/home\/storia\/"]}]},{"@type":"BreadcrumbList","@id":"https:\/\/www.materdominivolley.it\/home\/storia\/#breadcrumb","itemListElement":[{"@type":"ListItem","position":1,"name":"Home","item":"https:\/\/www.materdominivolley.it\/home\/"},{"@type":"ListItem","position":2,"name":"CLUB"}]},{"@type":"WebSite","@id":"https:\/\/www.materdominivolley.it\/home\/#website","url":"https:\/\/www.materdominivolley.it\/home\/","name":"materdominivolley","description":"","publisher":{"@id":"https:\/\/www.materdominivolley.it\/home\/#organization"},"potentialAction":[{"@type":"SearchAction","target":{"@type":"EntryPoint","urlTemplate":"https:\/\/www.materdominivolley.it\/home\/?s={search_term_string}"},"query-input":{"@type":"PropertyValueSpecification","valueRequired":true,"valueName":"search_term_string"}}],"inLanguage":"it-IT"},{"@type":"Organization","@id":"https:\/\/www.materdominivolley.it\/home\/#organization","name":"Materdominivolley.it","url":"https:\/\/www.materdominivolley.it\/home\/","logo":{"@type":"ImageObject","inLanguage":"it-IT","@id":"https:\/\/www.materdominivolley.it\/home\/#\/schema\/logo\/image\/","url":"https:\/\/www.materdominivolley.it\/home\/wp-content\/uploads\/2019\/10\/Senza-titolo-1-2.png","contentUrl":"https:\/\/www.materdominivolley.it\/home\/wp-content\/uploads\/2019\/10\/Senza-titolo-1-2.png","width":180,"height":250,"caption":"Materdominivolley.it"},"image":{"@id":"https:\/\/www.materdominivolley.it\/home\/#\/schema\/logo\/image\/"},"sameAs":["https:\/\/www.facebook.com\/materdominivolleyit\/"]}]}},"_links":{"self":[{"href":"https:\/\/www.materdominivolley.it\/home\/wp-json\/wp\/v2\/pages\/1766","targetHints":{"allow":["GET"]}}],"collection":[{"href":"https:\/\/www.materdominivolley.it\/home\/wp-json\/wp\/v2\/pages"}],"about":[{"href":"https:\/\/www.materdominivolley.it\/home\/wp-json\/wp\/v2\/types\/page"}],"author":[{"embeddable":true,"href":"https:\/\/www.materdominivolley.it\/home\/wp-json\/wp\/v2\/users\/1"}],"replies":[{"embeddable":true,"href":"https:\/\/www.materdominivolley.it\/home\/wp-json\/wp\/v2\/comments?post=1766"}],"version-history":[{"count":7,"href":"https:\/\/www.materdominivolley.it\/home\/wp-json\/wp\/v2\/pages\/1766\/revisions"}],"predecessor-version":[{"id":2101,"href":"https:\/\/www.materdominivolley.it\/home\/wp-json\/wp\/v2\/pages\/1766\/revisions\/2101"}],"wp:attachment":[{"href":"https:\/\/www.materdominivolley.it\/home\/wp-json\/wp\/v2\/media?parent=1766"}],"curies":[{"name":"wp","href":"https:\/\/api.w.org\/{rel}","templated":true}]}}